rs of a?
5, 13
Suppose 4*q - 3*m = 1154, 0 = 3*q - m - m - 866. List the prime factors of q.
2, 5, 29
What are the prime factors of 207/12*(-800)/(-15)?
2, 5, 23
Let n(o) = o**2 + 11*o - 8. Let c be n(-6). Let t = c - -92. List the prime factors of t.
2, 3
Let m be 230/25 + (-8)/(-10). Suppose -3*k = -k - m. Let h = k - -5. What are the prime factors of h?
2, 5
Let b = 914 + -599. List the prime factors of b.
3, 5, 7
Suppose 6*h - 2*h - 606 = -3*l, -4*h = l - 610. What are the prime factors of h?
3, 17
Let h(v) = 15*v - 6. Let w(f) = f**3 - 6*f**2 + 4*f + 7. Let u be w(5). Suppose u*t + 14 = -4*m, 3*m - 2*m + 20 = 5*t. What are the prime factors of h(t)?
3, 13
Suppose 0 = -2*p + 3*y - 0 + 2, -3*y = 12. Let k be (-13)/(-7) - p/35. Suppose -k*z + 2*x + 193 = z, -4*x - 325 = -5*z. What are the prime factors of z?
61
List the prime factors of (-716)/(-14)*(-7378)/(-124).
17, 179
Let y(h) = -h**2 + 5*h - 4. Let r be y(3). Suppose -138 = -5*o + 4*w, 5*o - w - 136 = r*w. List the prime factors of o.
2, 13
Suppose -38676 = -26*j + 38180. What are the prime factors of j?
2, 739
Let j = 13 + -17. Let y be (-1 - 14/(-2)) + j. Suppose 5*b - 194 = y*k + 41, 5*k - 74 = -b. What are the prime factors of b?
7
Let h(a) = -21*a + 22. Let o be h(-9). Let k = 340 - o. List the prime factors of k.
3, 43
Let h(c) = -758*c - 59. List the prime factors of h(-1).
3, 233
Suppose -2*r = -7*r + 15. Suppose -2*b = r*h + h - 156, -5*h = 0. List the prime factors of b.
2, 3, 13
Let u be (-3 - -2) + 7 + -11. Let g(j) = -3*j - 13. Let p be g(u). Suppose p*t - 97 = 5*d + 27, -4*t + 220 = 4*d. List the prime factors of t.
3, 19
Suppose l = -3*n + 993 + 104, 1085 = 3*n - 5*l. What are the prime factors of n?
5, 73
Suppose 4*y - 2*y = 0. Suppose y = 4*i - 7*i - 51. List the prime factors of 9/(-6)*(-3 + i).
2, 3, 5
Let g be ((-10)/6)/(65/(-234)). Suppose 0 = -3*x, g*x = -3*a + x + 174. List the prime factors of a.
2, 29
List the prime factors of (-1 + 0)/(5/(-25)) - -1580.
5, 317
Let q(z) = 6*z**2 - 37*z + 7. What are the prime factors of q(19)?
2, 3, 5, 7
Let l(z) = -z**3 - 7*z**2 - 5*z + 2. Let u be l(-6). Let x = u - -7. What are the prime factors of x/(-5) + (-865)/(-25)?
2, 17
Suppose -11 = 4*q - 23. Let a be 395/15 - 1/q. Let p = a + -14. What are the prime factors of p?
2, 3
Let z be (8 - -1)*((0 - 5) + 15). What are the prime factors of (4 - -1)*558/z?
31
Let w = -1151 + 1848. What are the prime factors of w?
17, 41
Suppose -r + x - 33 + 116 = 0, -350 = -4*r - 2*x. Let h = 223 - r. What are the prime factors of h?
137
Let b = 2 - -1. Suppose -4*u + 29 + 47 = 0. Let j = u - b. List the prime factors of j.
2
Let f be (21/14)/(-2 + 33/12). Suppose 2*v - 2*u = 3*v - 75, f*v - 3*u - 115 = 0. What are the prime factors of v?
5, 13
Let i(f) = -6*f + 6. Let x be i(-8). Suppose 2*d - 34 = 2*k + 2, -3*d = -4*k - x. What are the prime factors of 6/27 + 752/d?
2, 3, 7
Suppose 0 = -3*y - 4*r + 9*r + 1836, 4*y - 2465 = r. What are the prime factors of y?
617
Suppose -86 = -2*q + 4*c, -156 = -5*q + 4*c + 35. List the prime factors of q.
5, 7
Let a(i) = -i - 2. Let q be a(0). What are the prime factors of q/(-9) + 6010/90?
67
Suppose -3*i - 2*b = -5*i + 18, 0 = 3*i + 4*b + 8. Suppose 0*y + i*y + g = 93, 3*y = 5*g + 64. What are the prime factors of y?
23
Suppose -t = t. Suppose -3*v + 4*v - 4*r = 7, 4*v - r + 32 = t. Let o = 49 + v. What are the prime factors of o?
2, 5
Let u(m) = 9*m**2 - 8*m + 2. What are the prime factors of u(10)?
2, 3, 137
Let k(f) = -30*f**2 + f. Let q be k(1). Suppose -234 = 4*c - 2*d, -5*c + 0*c - 2*d = 288. Let h = q - c. What are the prime factors of h?
29
Let p = -774 + 1035. What are the prime factors of p?
3, 29
Let c = -32 - -55. Suppose t = c - 3. What are the prime factors of t?
2, 5
Suppose 0 = -3*o + 11417 + 826. List the prime factors of o.
7, 11, 53
What are the prime factors of (-14668)/(-20) + 10/(-25)?
733
List the prime factors of (5696/(-48))/((-4)/48).
2, 89
Let l be 260/8 + 1/2. Suppose -3*i = -3*s - 2*s - 25, 5*i - 4*s = l. Suppose 2*z - 3*p = -p + 48, i*z + 5*p = 90. List the prime factors of z.
3, 7
Let a be (0 - -8) + (-3 - 2). Suppose -2*t - 99 = -5*z - a*t, 3*t + 45 = 3*z. List the prime factors of z.
19
Let g(j) = j**3 - 5*j**2 + 6*j - 6. Let x be g(4). Suppose -6 = -x*i + 2. Let m = 33 - i. What are the prime factors of m?
29
Suppose 0 = o + 3*g, -g + 3*g = 2*o. Let h(r) = r**3. Let j be h(o). Let q(x) = x + 24. List the prime factors of q(j).
2, 3
Suppose 23*s = 7*s + 11824. List the prime factors of s.
739
Suppose 2*u - 568 = -0*u. Suppose 4*w + w - 4*i - 682 = 0, u = 2*w + 4*i. List the prime factors of w.
2, 3, 23
Let p(r) = r**3 + 10*r**2 - 3*r + 12. Let o(f) = -5*f + 1. Let h be o(-9). Suppose 6 - h = 4*q. What are the prime factors of p(q)?
2, 3, 7
Let q = -49 + 34. What are the prime factors of (-2132)/(-20) + (-3)/(q/2)?
107
Let i be 2/(-4) + 27/(-54). What are the prime factors of i/((-1470)/(-295) + -5)?
59
Suppose -5*o - 3*a + 29107 = 0, 2*o + a = -3410 + 15052. What are the prime factors of o?
11, 23
Suppose 0 = -3*m - 2*i + 8412, 57*m + 3*i = 56*m + 2804. What are the prime factors of m?
2, 701
Suppose -260 = -2*s - 7*l + 2*l, -4*s + 544 = -2*l. Suppose -j - 42 = -2*u + s, -4*j + 192 = 2*u. List the prime factors of u.
2, 3, 5
Let m be (-1 + 3 + 0)/2. Let j be m/(-1) - 3 - -125. Suppose -2*r - 3*d = -j, -12 - 61 = -r + d. What are the prime factors of r?
2, 17
Let i = 959 + -381. List the prime factors of i.
2, 17
Let f be (-408)/(-60) + 1/5. Suppose -2*v = -x - 156, -f*x + 2*x - 390 = -5*v. Suppose 3*w + 4*a + a = v, -99 = -5*w + 2*a. What are the prime factors of w?
3, 7
Let x(o) = -o**3 + 7*o**2 - 10*o + 16. Let u be x(7). Let h = u + 77. List the prime factors of h.
23
Let h be (-52)/16 - 9/12. Let j be (75/h)/((-6)/64). List the prime factors of 2/(-9) - j/(-9).
2, 11
Suppose -1966 = -28*q + 26*q. List the prime factors of q.
983
Let w = 26 - 23. Suppose -3*j = 5*d + 133, j + w*j + 182 = -2*d. Let i = j + 86. What are the prime factors of i?
2, 5
Suppose -5*a + 4*h = -21, 24 = 5*a + 2*h - 3. Suppose 11 = 60*p - 109. Suppose -n = -a*c + 181, -n + 3*n = -p. List the prime factors of c.
2, 3
Let x(a) = -a**3 - 5*a**2 + a. Let o be x(-5). Let l = 7 + -8. List the prime factors of (-2)/o*(6 + l).
2
Let n = 318 + -457. Let r = -18 - n. What are the prime factors of r?
11
Let n(b) = 8*b + 13. Let m(a) = a. Let q(u) = -3*m(u) - n(u). Suppose 3*y + 7 = -d, 11*d = 7*d - 2*y - 18. What are the prime factors of q(d)?
31
Let u(q) = q**3 + 12*q**2 + q + 2. Let l be u(-12). Let j = l + 46. What are the prime factors of j?
2, 3
Suppose -13*z = -10*z - 54. List the prime factors of z.
2, 3
List the prime factors of 152*(21/(-6))/(-7)*8.
2, 19
Suppose 29 = 4*t + 49. Let o(i) = i. Let k(v) = -v**2 - 5*v - 6. Let s(y) = -k(y) - 2*o(y). What are the prime factors of s(t)?
2
Let r(x) be the third derivative of -1/120*x**6 + 0 - 6*x**2 - 3/2*x**3 + 7/24*x**4 - 1/6*x**5 + 0*x. List the prime factors of r(-11).
5, 7
Suppose 0*k - 5 = -k. What are the prime factors of (k + -6)/((-1)/38)?
2, 19
Suppose -3*h + 1206 = -3*j, -j = 4*h - 258 - 1355. What are the prime factors of h?
13, 31
Let s(x) = -x**2 + 6*x - 2. Let f be s(5). Let g(d) = 10*d. Let i(p) = 21*p + 1. Let h(v) = 7*g(v) - 3*i(v). What are the prime factors of h(f)?
2, 3
List the prime factors of 1287 + 2 + -1 + (-10 - -11).
1289
Suppose -9*w + 97 = -209. What are the prime factors of w?
2, 17
Let a(g) = 2*g + 5. Let d be a(-11). Let o = 23 + d. Suppose o*v - 272 = 4. What are the prime factors of v?
2, 23
Suppose 8 = -4*h - 2*t - 3*t, 0 = 2*t. List the prime factors of (-366)/h + 4 + -1.
2, 3, 31
Let v(a) = a**2 + 5*a - 6. Let x be v(-7). Let c(d) = d**3 - 8*d**2 + d - 2. What are the prime factors of c(x)?
2, 3
Let r be (0 - 0) + -5 + 1 + 4. Suppose r = 5*d + 15, d - 34 = -v + 75. What are the prime factors of v?
2, 7
Suppose 8*c - 45 = 3*c. Suppose v + 944 = c*v. What are the prime factors of v?
2, 59
Suppose -3*s - 129 = -5*f - 0*s, -36 = -f + 4*s. Suppose f = j - 69. List the prime factors of j.
3, 31
Let c(m) = -4*m - 4. Let q be 2/(1*(-1 + 0)). Let g be c(q). Suppose g*j = 4*d - 204, -3*j + 130 + 5 = 3*d. List the prime factors of d.
2, 3
Suppose 0 = 5*k - 2*k - 162. Let o